 Let s(x) = -7*x - 2. Let f be s(2). Let z be f/12 - 3/(-9). What is the remainder when t(z) is divided by 22?
19
Suppose 8*y + 569 = 1625. What is the remainder when y is divided by 9?
6
Let v(j) = -16*j**2 + 40*j - 9. Suppose -3*g - 2*g = 15. Let w = g + 5. Calculate the remainder when v(2) is divided by w.
1
Let i(j) = 6*j + 27 + 5*j + 4*j - 14*j. What is the remainder when i(15) is divided by 11?
9
Let j(s) = 4*s**2 + 82*s + 41. Calculate the remainder when j(-24) is divided by 42.
41
Let j = 3 + -3. Let a = 22 + -11. Calculate the remainder when 41 - j*2/(-4) is divided by a.
8
Let x(s) = -s**3 + 14*s**2 - 24*s + 13. Let n be x(12). Suppose n*y - 59 = 97. What is the remainder when 58 is divided by y?
10
Let v = -98 - -76. Let a = 36 + v. What is the remainder when 137 is divided by a?
11
Suppose 7*y = 7 + 14. Let m(p) = p - 1. Let q(v) = -2*v + 9. Let a(h) = 6*m(h) + q(h). Calculate the remainder when 73 is divided by a(y).
13
Let t = -14 - -25. What is the remainder when 23 is divided by t?
1
Suppose 0 = -0*g + 17*g - 2686. What is the remainder when g is divided by 25?
8
Let w be 2/(-5) - -472*(-1)/(-5). Let h = w - 84. Calculate the remainder when 98 is divided by h.
8
Let b(h) = h**3 - 12*h + 22. What is the remainder when 2050 is divided by b(4)?
36
Let n = -88 + 107. What is the remainder when 67 is divided by n?
10
Let x = -5018 + 5026. Let p(v) = -5*v - 2. Let h be p(-2). Suppose i - h - 5 = 0. Calculate the remainder when i is divided by x.
5
Let c = 25 - 20. Let u(r) = 2*r + 1 - 9*r + c*r. Calculate the remainder when 10 is divided by u(-1).
1
Let k = 231 + -202. What is the remainder when 143 is divided by k?
27
Let p(o) = o**3 + 5*o**2 - 2*o - 10. Let q be p(-5). Suppose q = 2*m + 30 - 10. Let s = m + 15. What is the remainder when 9 is divided by s?
4
Suppose -116 = 4*o - 12. Suppose 5*i - 17 = -67. Let n = i - o. Calculate the remainder when n is divided by 9.
7
Let g(v) = v**2 + 2*v - 38. Let d be g(-8). Calculate the remainder when 39 is divided by (-3)/d*-66 - (-5)/25.
19
Let b(w) = -21 + 38 - w + 2*w - 3*w. Calculate the remainder when 32 is divided by b(0).
15
Let t(i) = i**3 + 4*i**2 + 7*i - 2. Let o be t(4). Let l = -57 + o. Calculate the remainder when l is divided by 25.
22
Suppose 15 + 15 = c. Calculate the remainder when (15/(-30))/((-1)/112) is divided by c.
26
Let v(s) = 5*s**3 - 5*s**2 + 3*s - 1. Suppose -4*r = -r - 6. Calculate the remainder when 46 is divided by v(r).
21
Calculate the remainder when 297 is divided by (2 - (-768)/76) + (-10)/95.
9
Let q(j) = -17*j - 13. Let s be q(-8). Suppose 3*h + 9 = s. Calculate the remainder when h is divided by 10.
8
Suppose -40 = 5*w - 60. What is the remainder when 30 is divided by w?
2
Suppose 99*a + 2352 = 147*a. What is the remainder when a is divided by 45?
4
Let o = 101 + -129. Let g = o + 41. What is the remainder when 35 is divided by g?
9
Let f be (1 + -11)*(-6 + 8). Calculate the remainder when 75/2 + (-10)/f is divided by 10.
8
Calculate the remainder when 11 is divided by (-12)/((-3 - 1) + (-3 - -5)).
5
Suppose -x + 1 = -0, 0 = 2*y + x - 417. Suppose -2*d + y = 5*v - 0*d, 4*v - 2*d - 152 = 0. Calculate the remainder when v is divided by 7.
5
Suppose -5*t = -4*q + 26 + 41, 82 = 7*q + 3*t. Let w(z) = -7*z - 6. What is the remainder when w(-6) is divided by q?
10
Let x = -714 + 742. What is the remainder when 191 is divided by x?
23
Let i(p) = -6*p - p**2 + 3 + 7*p + 3*p. Suppose 4*b + 4 = 3*b, -2*y + 12 = -b. Calculate the remainder when i(y) is divided by 2.
1
Let c = -161 + 86. Calculate the remainder when 8/32*2 + c/(-2) is divided by ((-4)/6)/((-1)/30).
18
Let y = 125 + -73. Suppose -r + y = 4*c, 3*r = -3*c + 92 + 82. What is the remainder when r is divided by 7?
4
Let z(b) = -2*b**2 + 8*b. Let s be z(7). Calculate the remainder when 63 is divided by (-4)/(-6)*s/(-2).
7
Let p(c) = 38*c - 175. Calculate the remainder when 47 is divided by p(5).
2
Let s(b) = 5*b - 12. Let i = -59 - -65. Calculate the remainder when s(i) is divided by 11.
7
Let g(a) = a - 3. Let r be g(-7). Suppose 2*h + h = 33. What is the remainder when h is divided by (16/r)/((-2)/5)?
3
Let i(w) = -w**3 + 6*w**2 + 7*w - 6. What is the remainder when i(5) is divided by 1859/66 + (2 - (-39)/(-18))?
26
Let q(m) = -m**3 + 13*m**2 - 11*m - 12. Let w be q(12). Suppose -4*g = 3*l - 73, g + w*l = -2*l + 22. What is the remainder when 31 is divided by g?
15
Let u(v) = v**3 - 19*v**2 + 53*v + 36. What is the remainder when 1854 is divided by u(16)?
114
Calculate the remainder when ((-2544)/36)/(-1*(-2)/(-3)) is divided by 31.
13
Let r be 1*(6 + -4 + 0). Let d = 16 + r. Calculate the remainder when 52 is divided by d.
16
Let k(p) = 29*p**3 + 2*p**2 - p - 2. Calculate the remainder when k(1) is divided by 10.
8
Suppose 230 + 112 = 9*c. What is the remainder when 188 is divided by c?
36
Let x = -18 - -25. Suppose -193 = -5*w + 37. Suppose 2*j - 160 + 57 = -5*t, -2*t + w = 2*j. Calculate the remainder when t is divided by x.
5
Let r = -18 + 5. Let t(f) = f**2 + 10*f + 1. Let y be t(r). Suppose -y = -0*i - 4*i. What is the remainder when 17 is divided by i?
7
Let o be ((-30)/40)/((-2)/104). Let k = o - 33. What is the remainder when 22 is divided by k?
4
Let d = 20 - 15. Suppose 3*i - 40 = -d*i. Calculate the remainder when ((-2)/4)/(2/(-48)) is divided by i.
2
Let t(n) = n**2 + 4*n - 40. Let m be t(-9). Suppose -m*f - 187 = -3*o + 159, 4*f = 5*o - 594. Calculate the remainder when o is divided by 31.
29
Suppose 2*j - 10 = 0, 3*j - 31 = -5*q - 81. Let d = q - -16. Suppose 0 = -5*h + 25, -17 = -3*b - h + d*h. What is the remainder when 14 is divided by b?
5
Suppose 68 = 4*o + 24. Calculate the remainder when 20 is divided by o/((-20)/(-4) - 4).
9
Suppose 0 = 45*c - 48*c + 99. Calculate the remainder when 91 is divided by c.
25
Suppose 3 + 69 = b + 2*q, b = 3*q + 52. Calculate the remainder when 446 is divided by b.
62
Let c(z) = 4*z + 2. Suppose 0*b - b + 35 = 4*r, r = -4*b + 5. What is the remainder when c(r) is divided by 20?
18
Let f(h) = h**2 + 15*h + 58. Calculate the remainder when 205 is divided by f(-4).
9
Let v(m) = m**2 - 3*m - 5. Suppose 0 = 4*a - 2*a - 10, -4*c - 4*a = -56. Suppose -c*k + 104 = 23. Calculate the remainder when v(-5) is divided by k.
8
Let t = -40 - -80. What is the remainder when t is divided by (2 - (-156)/(-36))/((-1)/3)?
5
Suppose 0 = 3*b - 3, -5*s + b + 89 = -2*s. What is the remainder when s is divided by 8?
6
Let v(w) = 4*w**3 - 3*w**2 - 2*w - 1. Let p be v(-2). Suppose 4*q = 2*x + 144, -x + 13 = -q + 90. Let j = p - x. What is the remainder when j is divided by 11?
8
Let d = 6 + -9. Let q(o) = o**2 + 2*o - 6. Let g be q(-6). Calculate the remainder when d/((10/g)/(-5)) is divided by 10.
7
Let f(c) = c**3 - 4*c**2 - 7*c + 6. Let m be f(5). Calculate the remainder when 1 is divided by (m/6)/((-8)/12).
0
Let a(l) = -l**2 - 4*l + 1. Let v be a(-3). Suppose -2*i - 4*n - 7 = 3*i, 0 = -v*n - 12. Suppose 27 = 4*q - i. What is the remainder when 12 is divided by q?
5
Let d(s) = -s**2 + 7*s. Suppose j - 35 = -5*l - 9, -4*l = j - 20. Let y be d(l). Let i(m) = 3*m - 12. Calculate the remainder when 16 is divided by i(y).
4
Suppose -d = f - 423, -1399 = -3*d + f - 142. What is the remainder when d is divided by 85?
80
Suppose 21*s = 16*s + 25. Suppose -37 = -s*o + 38. Calculate the remainder when 27 is divided by o.
12
Suppose 0 = -w + 2, 3*o + 3*w - 109 = 2*o. What is the remainder when o is divided by (-6)/(-17 - -11) + (-35)/(-1)?
31
Suppose -3*d = -5*a + 350, 3*d = -2*a + 77 + 63. What is the remainder when a is divided by 28?
14
Let i = -24 - -56. Suppose 4*n = -3*x + 491, 4*n - 2*n + x - 247 = 0. What is the remainder when n is divided by i?
29
Suppose -2195 = -88*b + 621. Calculate the remainder when 179 is divided by b.
19
Let y(i) = 3*i**2 - i + 3. Let v(c) = c**3 + 9*c**2 + 4*c - 18. What is the remainder when y(4) is divided by v(-3)?
23
Suppose 3*s = 10 - 4. Suppose 18 = o + s*o. What is the remainder when 2/o + (-32)/(-3) is divided by 3?
2
Let x = 184 - 137. What is the remainder when x is divided by (-256)/(-10) + 6/15?
21
Let k(z) = -18*z. Let b be k(-1). Suppose 2*m - 39 = -3*h, -m + 5*h = -5 + b. Calculate the remainder when m is divided by 4/(-20)*(-19 + -6)